 89. Is k(9) prime?
True
Suppose 1445181 = -99*r + 7197046 + 5834204. Is r a composite number?
True
Suppose 5*i + 0 = -10. Let b(a) = -a**2 - 5*a - 4. Let f be b(i). Suppose -1721 = -f*t - 147. Is t a prime number?
True
Let a = -9730 + 3261. Let q = -3606 - a. Is q composite?
True
Suppose -9*u + 298 = 7*j - 13*u, 2*u = -2. Let i(m) = 72*m. Let n be i(6). Suppose 6*p - j - n = 0. Is p a prime number?
True
Let d(c) = 9*c + 22. Let a be d(-2). Let g be (-6)/16 - 65/40. Is g/a*2*(7 - 54) prime?
True
Let q be (56/12)/(-7)*(-3)/(-2). Let z(b) = -786*b**3 - b**2 + 2. Is z(q) composite?
False
Let d be 6057/30 + (-2)/(-20) + -2. Suppose d*y - 36116 = 196*y. Is y composite?
False
Let q = -169482 - -415799. Is q prime?
True
Suppose -4*g + 6*g - 2686 = 0. Let p = g + -1882. Let n = -276 - p. Is n a composite number?
False
Suppose -5*n + 1224967 = -8*q + 10*q, 3*q - 18 = 0. Is n composite?
True
Suppose -535 - 1193 = -5*g + 4*m, -g + 354 = 2*m. Let z be 3*((-512)/12 - -3). Let c = g - z. Is c composite?
False
Suppose 124*c - 46710057 = -70*c + 53*c. Is c prime?
True
Suppose 0 = 13*v - 14*v - 3*k + 11, 0 = 3*v - 5*k + 9. Let y(m) = 318*m**2 + 7*m - 9. Is y(v) a composite number?
False
Suppose 0 = c + 411 - 1180. Suppose 8*p - 2*k + 1538 = 10*p, -p + c = 4*k. Is p composite?
False
Suppose -27*x + 28*x = 5. Suppose 4*a + 0*q + 4*q - 12 = 0, -16 = -x*a - 4*q. Suppose -2*r - a*r = -8094. Is r a composite number?
True
Suppose c - s - 34776 = 0, -41253 = -2*c - 5*s + 28334. Is c prime?
True
Let s = 64 - 67. Is 1*(6800/5 + (-3)/s) a composite number?
False
Let w be 5 + -2 + 3 + -2. Suppose u + u + 3*z + 333 = 0, -w*u - 633 = -5*z. Let l = 905 + u. Is l a prime number?
True
Is 3/6*(-3 + 362725) prime?
True
Let o(z) be the third derivative of 347*z**5/15 - z**4/4 + z**3/2 - 7*z**2. Is o(2) prime?
False
Let y(f) = -174*f + 11313. Let s be y(65). Suppose -5*a = 985 - 3925. Suppose -955 = -6*v + v + 5*d, -s*v - 2*d = -a. Is v a prime number?
False
Let h be 41449/6 - 11/66. Suppose 9412 + 4394 = 4*f - 5*c, 2*f = 5*c + h. Is f prime?
True
Let n(s) = -6*s**2 - s + 991180. Let z be n(0). Suppose -12*a = 8*a - z. Is a composite?
False
Let u(l) be the second derivative of 7*l**4/6 + 3*l**3/2 - 103*l**2/2 + 56*l - 2. Is u(14) prime?
True
Let j be (-109221)/(-63) + 8/(-6)*-1. Suppose 5*o - 2*k - 723 = 2166, 3*o - 2*k - j = 0. Is o a prime number?
True
Suppose 26*h - 11601954 = -2970201 + 3159949. Is h prime?
True
Let o be (-81)/(-9) + -12 - 6*12. Let p = o + 170. Suppose -2*f + p = -71. Is f a prime number?
True
Suppose -u + 41304 = 7*z - 3*z, -5*u = 4*z - 206456. Suppose -u = -6*h - 2*h. Is h a prime number?
False
Is -1*((-5)/15 - (-6055876)/(-51)) composite?
True
Suppose -41866 - 95099 = -15*o. Is o a prime number?
False
Let y(i) = 104*i - 9. Let o(t) = 5*t - 27. Let m be o(6). Suppose -2*d + 2*l + 10 = 0, 0*d + 3*d - m = -l. Is y(d) composite?
False
Let c(g) = 24292*g + 1267. Is c(6) a prime number?
False
Let m = 91 + -79. Suppose -2*t = -3*j - 767, -3*j + 3 - m = 0. Is t a composite number?
False
Is 107/856 + (-1574949)/(-24) a composite number?
True
Suppose -2*p = 2*k - 43584, -4*k = 452 - 432. Is p composite?
True
Let m(l) = l**3 - 5*l**2 + 8*l - 10. Let b be m(4). Let q(s) = 89*s**2 + 12*s - 7. Is q(b) composite?
True
Suppose 48*j - 102*j = -50*j - 4921556. Is j composite?
True
Suppose -2*o - 4*s + s = 2, -3*o + 4*s + 31 = 0. Suppose 0*v + o = v + 2*d, d = -v + 4. Is (-3772)/(-3) + (4 - 5)/v composite?
True
Let x(y) = 5*y**3 - 4*y**2. Let m(s) = -6*s**3 + 3*s**2 + s + 1. Let q(t) = 2*m(t) + 3*x(t). Let z be q(4). Is (-4)/8*z*-7 prime?
False
Let f(z) = 62*z - 3. Let k be f(5). Let n = k + -470. Let b = 348 + n. Is b a prime number?
False
Let m = 111132 - -4619. Is m a prime number?
True
Suppose 0 = 33*b - 36*b - 2*u + 62037, 5*u = b - 20696. Is b prime?
True
Suppose 0 = -4*q - 19*a + 17*a + 2927390, -2*q + 1463681 = 3*a. Is q a composite number?
False
Let c = -114047 + 196050. Is c composite?
False
Suppose -z - 4*z - 15 = 3*t, -3*t - 15 = -4*z. Suppose c - 148 + 55 = z. Suppose c = 2*n - 13. Is n a composite number?
False
Is 137337/4*-2*130/(-195) composite?
False
Let u be 216/(-40)*(-6 + (-2)/(-2)). Suppose -u = -9*q + 72. Suppose q*h - 3099 = 2236. Is h prime?
False
Let v = -48 + 52. Suppose -2*w + v*w = t + 4129, -10330 = -5*w + 5*t. Is w prime?
True
Let w(j) = 1985*j**3 - 6*j**2 + 13*j + 17. Is w(5) a composite number?
False
Let k(t) = -20*t**2 + 12*t + 2. Let r be k(5). Let j be r*(15/6 + -3). Let z = 248 + j. Is z prime?
True
Suppose 4*s - y - 64 = 0, -33 = 4*s + y - 105. Suppose -5818 = 15*l - s*l. Is l prime?
True
Suppose -7*c + 4*c = -735. Let b be (-5 - 984/20) + 4/20. Let o = c + b. Is o a prime number?
True
Let h = -251 + 252. Is (-7 + -12126)/(h/(-1)) a composite number?
True
Suppose 0 = 2*a - 0*h + h - 20, 4*h = -5*a + 56. Is (-3 + a + -6)/((-2)/1370) prime?
False
Suppose -1493027 - 1644123 = -50*f. Is f prime?
True
Suppose -11 + 43 = 4*f. Let o be f/36 - 0 - (-158)/18. Suppose 7265 = o*u - 9790. Is u composite?
True
Let w(v) = v**3 - 16*v**2 - 32*v - 266. Is w(21) a prime number?
False
Suppose 0 = -115*s + 42468344 + 12636551. Is s a prime number?
False
Let y = 223 - 219. Is (104148/(-90))/(y/(-10)) composite?
True
Let f(q) = 227*q + 1. Let p be f(5). Suppose p = 3*x - 1141. Suppose -k = -v + 539, -v - 208 + x = 5*k. Is v composite?
False
Suppose 4 = -4*a, 0*a = 3*m + a + 22. Let d be (-5866)/4 - (91/14 + m). Let p = -825 - d. Is p composite?
False
Suppose -570 = -4*t - 2*r - 76, t = 5*r + 140. Is (-5)/(-1)*211525/t a prime number?
True
Is ((-343)/(-14) - 14)*15898/3 composite?
True
Suppose -3*o = 2*j - 4*j + 87, -j - 5*o = -50. Is 134/(-4)*(-4770)/j a composite number?
True
Let u = 15361 + 9106. Is u prime?
False
Let n(b) be the third derivative of 5*b**4/24 + 29*b**3 - 102*b**2. Is n(-17) composite?
False
Let d = 150852 + -39031. Is d a prime number?
True
Suppose 12*t = -t + 62231. Suppose t = 5*l - 9308. Is l composite?
False
Let y be 17577/(-105) + 3/(-5). Let g be y/(-78) - 6/39. Suppose 4*w + 0*w + g*n - 848 = 0, 3*n - 217 = -w. Is w prime?
True
Let r = 385 - 213. Let b = -1095 - -1826. Let f = b - r. Is f a composite number?
True
Is (-76)/6*-6218*(-39)/(-52) prime?
False
Let d(g) = g**2 - 10*g + 24. Let p be d(7). Suppose 2601 = -0*q - p*q. Let r = 892 - q. Is r composite?
False
Suppose 22*d - 12*d = -60. Is ((-1388)/d)/(-4*3/(-126)) prime?
False
Suppose m - c + 2709 + 6590 = 0, 2*m + 2*c = -18602. Let n = m + 13121. Is n a composite number?
False
Suppose 5*l + 54 = 69. Suppose 0 = -j - 2*s + 13 - l, 5*s = 3*j + 25. Suppose j = -4*w - 4*v + 615 + 645, -w - 2*v + 319 = 0. Is w a prime number?
True
Let n(t) = -t**2 + t + 1. Let s(b) = b**2 - 34*b - 205. Let v(h) = -5*n(h) - s(h). Is v(-45) composite?
True
Let q(w) be the third derivative of 0 + 163/20*w**5 + 0*w + 11/6*w**3 - 33*w**2 - 5/24*w**4. Is q(2) a composite number?
True
Let s(n) = -197*n + 73. Let a be s(-13). Let c = 937 + a. Is c a composite number?
False
Let u(a) = 247*a - 255. Let w(n) = 123*n - 128. Let l(r) = 6*u(r) - 11*w(r). Is l(19) a composite number?
True
Let s = 6414 + -3217. Let w = s - 1018. Is w a prime number?
True
Suppose w = 59*w - 1364338 - 5921448. Is w composite?
False
Let x(q) = q**3 + 15*q**2 - 32*q + 37. Let s be x(-17). Suppose 4*w - 4362 = -4*a + 614, 0 = -5*w - s*a + 6230. Is w a composite number?
False
Let m be 2/(-4) - 30/(-12). Suppose -m*b - b = o - 12, -16 = -5*o - 4*b. Suppose o = -7*h - 889 + 8106. Is h composite?
False
Is 34178/14 - 4/(-154)*-11 composite?
False
Suppose -7*c + c + 30 = 0. Suppose -3*r + 5*r + 4 = 0. Is r*c/10*-113 prime?
True
Suppose 3*q + 3*b = 8820 + 12009, 0 = -2*q + 2*b + 13886. Is q a prime number?
False
Suppose -2*n + 22 = b, 11*n + 2*b + 16 = 12*n. Let a(f) = 9*f**2 - 3*f - 7. Is a(n) prime?
False
Is (-2)/38 - 600/152 - -1*1570965 a prime number?
False
Let w = 1086573 - 648544. Is w composite?
False
Let d(c) = 10*c + 1. Let j(u) = 23*u - 157. Let y(r) = 2*d(r) - j(r). Suppose 0*b = b. Is y(b) a composite number?
True
Suppose -3*f = 2*j - 29, -3*j + 5 = 4*f - 5*f. Suppose 4*z - 4 = -d + f, 0 = 2*z - 5*d - 11. Is (z + -11 + 6)/(2/(-1949)) composite?
False
Let j(c) = 968*c + 112. Let r be j(27). Suppose 8 = -d + 3, 3*p = -d + r. Is p